 prime factors of (55 - -2) + o/(2 - -1)?
2, 7
Suppose 2*g - 937 = 155. Suppose -2*c = 3*s - g, 3*s - 4*c - 56 - 472 = 0. Suppose i + 4*i - s = 0. List the prime factors of i.
2, 3
Let q(h) = -h + 37. List the prime factors of q(-9).
2, 23
Suppose -6*i = -3*i. Suppose i = 3*w + 3*r + 12 + 6, w + 4*r = -15. List the prime factors of 129*(2 - (-5)/w).
43
Suppose 20*s - 492 = 24*s. Let i = s + 209. List the prime factors of i.
2, 43
Let g(f) = -8 + 2 + 3*f**2 + f**3 - 7*f**2 + 10*f**2 - 4*f. Let q be g(-6). Let i = q + 14. What are the prime factors of i?
2
Let w(d) = 26*d - 5. Let x be w(2). Suppose 4*p - 60 = -5*t, p + 2*p = -4*t + x. List the prime factors of t.
2
Suppose -3434 = -4*v - 4*g + 2*g, 5*v = 4*g + 4286. List the prime factors of v.
2, 3, 11, 13
Suppose -1 = -4*n + 23. Let j(y) = 7*y + 8. Let c be j(n). Suppose 4*a - c = -2. What are the prime factors of a?
2, 3
Let v(l) = 12*l**2 + 13*l - 39. What are the prime factors of v(4)?
5, 41
Let y(b) = -b**2. Let q be y(-2). Let u be q/(-6)*30 + 1. What are the prime factors of (10/(-15))/((-2)/u)?
7
Let a = 1913 + -1345. List the prime factors of a.
2, 71
Let n(t) = -t**2 - 8*t - 7. Let m be n(-6). Suppose m*j = q - 16, 4*j + q + 20 = -0*q. List the prime factors of 62/4*j/(-2).
31
Suppose -3 = 3*l + 9. Let c be l/8 + (-109)/(-2). List the prime factors of c/5 + 3/15.
11
Let y = -541 - -1087. Suppose -5*u + 139 = -y. What are the prime factors of u?
137
Let g(v) = -v**3 + 17*v**2 + 5*v - 9. Suppose 0 + 4 = -4*m. Let j(c) = 17*c**2 + 3*c + 3. Let y be j(m). List the prime factors of g(y).
2, 19
Let g(j) = 6*j**2 - 2*j. Let n be (-18)/12*(-7 + -1). Suppose 4*r - 3*a + 4*a = -n, -3*a - 8 = -2*r. List the prime factors of g(r).
2, 7
Let f(q) = 3*q**2 - q + 1. Let c be (-2)/4 + (-6)/4. List the prime factors of f(c).
3, 5
Suppose 0 = 6*p - 944 - 724. Suppose -32 = 6*y - p. List the prime factors of y.
41
Let p(q) = -49*q + 5. Let o be p(3). Let s = o + 244. What are the prime factors of s?
2, 3, 17
Suppose 43*v - x - 10990 = 38*v, 0 = -x. List the prime factors of v.
2, 7, 157
Let z = 11 - 7. Suppose 5*l + z = -91. Let j = -11 - l. List the prime factors of j.
2
Let k(a) = -2*a**2 + 10*a - 1. Let o(c) = c. Let j(t) = -k(t) + 5*o(t). List the prime factors of j(3).
2
Suppose 0*n + 4 = 2*n. Suppose 0*l + l - n = 0. List the prime factors of 1/(l - (-207)/(-105)).
5, 7
Let f(y) be the third derivative of y**3 + 0 - y**2 + 1/12*y**4 + 0*y. What are the prime factors of f(3)?
2, 3
Suppose 0 = g - 2 - 195. Let t = g + -83. Let y = t + -52. List the prime factors of y.
2, 31
Let o = 499 + -248. What are the prime factors of o?
251
Let x = 2520 + -1579. List the prime factors of x.
941
Suppose 5*s = 5*p + 25, 3*s + p - 38 + 3 = 0. Suppose 5*a - 5 = s. Suppose 2*c + 3 = -0*c + a*o, 0 = -o + 5. What are the prime factors of c?
2, 3
Let q be ((-12)/15)/(-4) + (-306)/(-45). List the prime factors of ((q - 2)*-31)/(1/(-1)).
5, 31
Let z(b) = b**2 + 8*b - 2. Let k be z(5). Suppose -9 = -3*t + k. What are the prime factors of t?
2, 3
Let f = -1053 + 1747. List the prime factors of f.
2, 347
Let i(k) = k**3 + 64*k**2 - 32*k - 69. List the prime factors of i(-64).
1979
Suppose -f + 8 = 3*f. Let d = -149 + 151. Suppose -d*y = 6, y + y - 44 = -f*i. What are the prime factors of i?
5
Let c be -342 - (17 + -15)/((-2)/4). Let h = -198 - c. What are the prime factors of h?
2, 5, 7
Let p = 339 + -51. Suppose -p - 474 = -6*l. List the prime factors of l.
127
Let l(z) = z**2 - z - 9. Let p(a) = -5 + 2 + 9*a - a**2 - 2*a. Let w be p(5). What are the prime factors of l(w)?
3, 11
Suppose 4*i - 14 = 3*k, 4*i + 3*k = -2*k - 2. Suppose -8*a + 270 = -i*a. What are the prime factors of a?
3, 5
Let v(q) = -5 - 4 - q**2 + 8*q - 2. What are the prime factors of v(5)?
2
Let z(d) = 59*d**2 + 5*d - 4. List the prime factors of z(3).
2, 271
Let q(m) = -7*m**3 - 8*m**2 + 2*m - 3. Let t(o) = 6*o**3 + 7*o**2 - 2*o + 4. Let d(w) = -4*q(w) - 5*t(w). What are the prime factors of d(-4)?
2
Let y = -9 - -15. Suppose 2*d + y = 10. Suppose 28 + 8 = d*t + 2*f, t - f - 12 = 0. List the prime factors of t.
3, 5
Let h(o) = 26*o + 89. What are the prime factors of h(10)?
349
Suppose -2*a + 5*x - 31 = 0, a = -4*x + 18 - 1. Let l be (-3)/a + (0 - 6). List the prime factors of (49 - 10/l) + 0.
3, 17
Let h(f) = 2*f - 9. Let m be h(6). Suppose 0 = -4*b + m*b + 4. Let j(p) = 2*p + 6. What are the prime factors of j(b)?
2, 7
Let h(t) = -t**3 + 7*t**2 + 6*t - 9. Let f be h(7). Suppose -5*u + f = -197. Suppose -u = -n - n. What are the prime factors of n?
23
Suppose 18172 = -23*k + 51*k. List the prime factors of k.
11, 59
Let c(f) be the first derivative of -f**4/4 + 5*f**3/3 + 3*f**2/2 + 4*f + 5. Let d be c(6). What are the prime factors of (3/2)/((-1)/d)?
3, 7
Let d(f) = -f**2 - 11*f - 27. Let q be d(-6). Suppose 98 = n + g + 2*g, q*n + 2*g = 315. List the prime factors of n.
107
Let v = 0 + -4. Let w(j) = j**2 - 4*j - 9. Let z be w(v). Let y = -3 + z. List the prime factors of y.
2, 5
Let p = -16 - -22. Let u(i) = 5*i - i**2 + 0*i**2 + 3*i - 5 - 5. List the prime factors of u(p).
2
Suppose -4*b = b + 50. Let f = -27 - b. List the prime factors of 9/15 - f/5.
2
Suppose 0*s + 3*s = 12. Suppose 3*f = -f + d + 181, 4*f - 4*d = 184. What are the prime factors of (f - 1) + s + 2?
2, 5
Let t(g) = -5*g - 11. Let m be t(-7). What are the prime factors of ((-12)/4)/(m/(-1664))?
2, 13
Suppose 2*g = 5*g + 12, 0 = 3*c + 3*g + 30. Let j be (c + 6)/(-2 + 0). Suppose j = -b + 4*b - 36. What are the prime factors of b?
2, 3
Suppose -4*p + 12 = -4. Suppose -p*f = 4*f - 800. List the prime factors of f.
2, 5
Let o(q) = -q**3 - 19*q**2 - 17*q + 17. Let c be o(-18). Let m(x) = 72*x**2 + 4*x + 3. List the prime factors of m(c).
71
Let s = 39 - 39. Suppose s*n + 114 = k - 2*n, -3*n - 15 = 0. What are the prime factors of k?
2, 13
Let x be ((-90)/(-8))/(3/(-24)). Let h = -6 - x. List the prime factors of 3/(2*9/h).
2, 7
What are the prime factors of (4*(-7)/84)/(2/(-5922))?
3, 7, 47
Let o = 388 - 263. Let t = 265 - o. List the prime factors of t.
2, 5, 7
Let q = -50 + 286. Suppose 2*k - 5*d - 77 = 0, 2*d = 5*k + 4*d - q. What are the prime factors of k?
2, 23
Suppose 3*q - 2*q = -5*p - 1, 3*q + 2*p - 23 = 0. What are the prime factors of q?
3
Suppose -3*o + 7 = -2. Suppose 211 = 2*w + o*h, -5*w = h - 495 - 26. What are the prime factors of w?
2, 13
Let b = -1053 - -2914. What are the prime factors of b?
1861
Suppose 198*k + 3717 = 201*k. What are the prime factors of k?
3, 7, 59
Let u(m) = -47*m**3 - 5*m**2 - 9*m - 19. What are the prime factors of u(-3)?
2, 7, 11
Let i(n) = -133*n - 64. What are the prime factors of i(-7)?
3, 17
Let c(s) = s**2 + 12*s - 14. Let l be c(-12). Let x = l + 32. Let f = x - 2. What are the prime factors of f?
2
Let v = -15 - 0. Let z(a) = -a**3 - 15*a**2 - 7*a - 8. List the prime factors of z(v).
97
List the prime factors of 16/(-20)*(3 + 28353/(-6)).
2, 1889
Suppose -5*k + 0*k + 3*b = 16, 4*k = 5*b - 5. Let a(v) = v. Let i be a(k). Let g = i - -10. What are the prime factors of g?
5
Suppose -9*y + 2107 = -3752. List the prime factors of y.
3, 7, 31
Suppose 5*l + 4*y + 7 = -13, 0 = -3*l + 5*y + 25. Let m(g) = -g - 4 + l + 4*g + 9*g. What are the prime factors of m(2)?
2, 5
Suppose 0 = -4*c - 12 + 24. Suppose -w - 8 = -s + 11, -5*s + 87 = c*w. What are the prime factors of s?
2, 3
Let t(v) = -v**2 - 4*v - 1. Let q be t(-3). Suppose 0 = -0*u + q*u + 626. List the prime factors of (-3)/5 - u/5.
2, 31
Suppose -4*p + 0 + 12 = 0. Let a be -4*p/(-24)*-22. Let c = 20 + a. What are the prime factors of c?
3
List the prime factors of 14*((-3885)/10)/(-7).
3, 7, 37
Let s = 145 + -163. What are the prime factors of (-1851)/s - 9/(-54)?
103
Suppose -337 = 2*c - o, 529 = -4*c - 4*o - 163. Let n = c - -301. What are the prime factors of n?
131
List the prime factors of 4359*8*9/216.
1453
Let w(v) = -8 + 9 - 61*v + 3 + 3. Let h be w(3). List the prime factors of (-1)/(708/h + 4).
2, 11
Let t(p) be the second derivative of 37*p**4/3 + p**3/2 + p**2/2 + 21*p. List the prime factors of t(-1).
2, 73
Suppose -9 = z - 14. Suppose 0*t + t - 267 = -z*x, -2*x - 2*t + 110 = 0. List the prime factors of x.
53
What are the prime factors of -248*(-10 - (-171)/(-36))?
2, 31